{"id":20,"date":"2020-11-24T18:31:00","date_gmt":"2020-11-24T17:31:00","guid":{"rendered":"http:\/\/habitatbio.fr\/?page_id=20"},"modified":"2020-12-17T20:52:14","modified_gmt":"2020-12-17T19:52:14","slug":"demande-de-depannage-chaudiere-bordeaux-contact","status":"publish","type":"page","link":"https:\/\/habitatbio.fr\/?page_id=20","title":{"rendered":"Demande de d\u00e9pannage ou d&rsquo;entretien Gaz,Fuel,Enr,\u00c9lectrique"},"content":{"rendered":"\n<p class=\"has-medium-font-size\">Vos radiateurs ne chauffent pas ? L&rsquo;eau chaude est absente ? Aussi,Vous avez oubli\u00e9 de faire l&rsquo;entretien annuel ? Il n&rsquo;existe pas de bon moment pour qu&rsquo;une chaudi\u00e8re tombe en panne. R\u00e9guli\u00e8rement,  c&rsquo;est souvent lorsque l&rsquo;on ne s&rsquo;y attend pas. Alors, une intervention rapide est n\u00e9cessaire !<\/p>\n\n\n\n<h2 class=\"has-text-align-center wp-block-heading\" id=\"h-demande-de-d-pannage-chaudi-re\">demande de d\u00e9pannage chaudi\u00e8re.<\/h2>\n\n\n\n<p class=\"has-medium-font-size\">Alors que, une demande de d\u00e9pannage chaudi\u00e8re Bordeaux- toutes marques-forfaits Entretien Gaz,Fuel,Solaire, Enr, Intervention rapide sur toute l&rsquo;agglom\u00e9ration, est simple. Aussi, \u201cSpott-HabitatBio\u201d garantit, de toute \u00e9vidence, des interventions rapides et s\u00fbres, en offrant des services (plomberie, \u00e9lectricit\u00e9, petits travaux) tr\u00e8s qualifi\u00e9s pour les particuliers, les professionnels, les bureaux et les commerces. Par bonheur, pour une demande de d\u00e9pannage chaudi\u00e8re, une intervention rapide,  \u201cSpott-HabitatBio\u201dest l&rsquo;interlocuteur sp\u00e9cialis\u00e9 dans le d\u00e9pannage d&rsquo;urgence \u00e0 domicile. <\/p>\n\n\n\n<h2 class=\"has-text-align-center wp-block-heading\" id=\"h-et-comme-par-magie\">et comme par magie &#8230;<\/h2>\n\n\n\n<p><\/p>\n\n\n\n<p class=\"has-medium-font-size\">Heureusement, une panne de chaudi\u00e8re, qu&rsquo;elle soit au gaz ou au fioul, ancienne ou moderne, vous informe de son dysfonctionnement par un voyant lumineux. Fuite de gaz, fuite d&rsquo;eau, chaudi\u00e8re qui fait du bruit, chaudi\u00e8re qui ne fonctionne plus&#8230;Une chaudi\u00e8re peut \u00eatre sujette \u00e0 plusieurs types de panne. Elle peut aussi intervenir en \u00e9t\u00e9, si votre chaudi\u00e8re est aussi un mod\u00e8le \u00e0 production d&rsquo;eau chaude et, l\u00e0 encore, prendre des douches \u00e0 l&rsquo; eau froide n&rsquo;est pas agr\u00e9able. Tous les intervenants sont qualifi\u00e9s pour leur expertise et leur savoir-faire. Sans majoration pour l&rsquo;urgence. Des techniciens exp\u00e9riment\u00e9s pour une intervention rapide. D\u00e9placement et Devis Gratuit.<\/p>\n\n\n\n<h2 class=\"has-text-align-center wp-block-heading\" id=\"h-il-y-a-aussi-tout-les-autres-petits-soucis-de-la-maison\">il y a aussi tout les autres petits soucis de la maison<\/h2>\n\n\n\n<p class=\"has-medium-font-size\">Les  pannes \u00e9lectriques, le robinet qui fuit, les projets de r\u00e9novation et les questions technique qui vont avec &#8230;<\/p>\n\n\n\n<p class=\"has-text-align-center\"><div class=\"wpforms-container wpforms-container-full\" id=\"wpforms-53\"><form id=\"wpforms-form-53\" class=\"wpforms-validate wpforms-form\" data-formid=\"53\" method=\"post\" enctype=\"multipart\/form-data\" action=\"\/index.php?rest_route=%2Fwp%2Fv2%2Fpages%2F20\" data-token=\"39555d9155b69a759212e8af300af1fb\" data-token-time=\"1776392204\"><noscript class=\"wpforms-error-noscript\">Veuillez activer JavaScript dans votre navigateur pour remplir ce formulaire.<\/noscript><div class=\"wpforms-field-container\"><div id=\"wpforms-53-field_8-container\" class=\"wpforms-field wpforms-field-select wpforms-field-select-style-classic\" data-field-id=\"8\"><label class=\"wpforms-field-label\" for=\"wpforms-53-field_8\">D\u00e9pannage ou Entretien <span class=\"wpforms-required-label\">*<\/span><\/label><select id=\"wpforms-53-field_8\" class=\"wpforms-field-medium wpforms-field-required\" name=\"wpforms[fields][8]\" required=\"required\"><option value=\"D\u00e9pannage chaudi\u00e8re\"  class=\"choice-1 depth-1\"  >D\u00e9pannage chaudi\u00e8re<\/option><option value=\"Entretien chaudi\u00e8re\"  class=\"choice-2 depth-1\"  >Entretien chaudi\u00e8re<\/option><option value=\"D\u00e9pannage suivi d&#039;un Entretien\"  class=\"choice-3 depth-1\"  >D\u00e9pannage suivi d'un Entretien<\/option><option value=\"Panne Electrique\"  class=\"choice-4 depth-1\"  >Panne Electrique<\/option><option value=\"Canalisation Bouch\u00e9e\"  class=\"choice-5 depth-1\"  >Canalisation Bouch\u00e9e<\/option><option value=\"Pojet de r\u00e9novation\"  class=\"choice-6 depth-1\"  >Pojet de r\u00e9novation<\/option><option value=\"Autres\"  class=\"choice-7 depth-1\"  >Autres<\/option><\/select><\/div><div id=\"wpforms-53-field_3-container\" class=\"wpforms-field wpforms-field-select wpforms-field-select-style-classic\" data-field-id=\"3\"><label class=\"wpforms-field-label\" for=\"wpforms-53-field_3\">Type de mat\u00e9riel <span class=\"wpforms-required-label\">*<\/span><\/label><select id=\"wpforms-53-field_3\" class=\"wpforms-field-medium wpforms-field-required\" name=\"wpforms[fields][3]\" required=\"required\"><option value=\"Chaudi\u00e8re Murale \u00e0 Gaz\"  class=\"choice-1 depth-1\"  >Chaudi\u00e8re Murale \u00e0 Gaz<\/option><option value=\"Chauffe Bain\"  class=\"choice-2 depth-1\"  >Chauffe Bain<\/option><option value=\"Ballon Eau Chaude Electrique\"  class=\"choice-3 depth-1\"  >Ballon Eau Chaude Electrique<\/option><option value=\"Chaudi\u00e8re au Sol \u00e0 Gaz\"  class=\"choice-5 depth-1\"  >Chaudi\u00e8re au Sol \u00e0 Gaz<\/option><option value=\"Chaudi\u00e8re au Fuel\"  class=\"choice-6 depth-1\"  >Chaudi\u00e8re au Fuel<\/option><option value=\"Syst\u00e8me Eau Chaude Solaire\"  class=\"choice-7 depth-1\"  >Syst\u00e8me Eau Chaude Solaire<\/option><option value=\"G\u00e9othermie sur Forage\"  class=\"choice-8 depth-1\"  >G\u00e9othermie sur Forage<\/option><option value=\"Equipement Piscine\"  class=\"choice-9 depth-1\"  >Equipement Piscine<\/option><option value=\"Autres\"  class=\"choice-10 depth-1\"  >Autres<\/option><\/select><\/div><div id=\"wpforms-53-field_1-container\" class=\"wpforms-field wpforms-field-name\" data-field-id=\"1\"><label class=\"wpforms-field-label\" for=\"wpforms-53-field_1\">Nom &amp; Pr\u00e9nom <span class=\"wpforms-required-label\">*<\/span><\/label><input type=\"text\" id=\"wpforms-53-field_1\" class=\"wpforms-field-medium wpforms-field-required\" name=\"wpforms[fields][1]\" required><\/div><div id=\"wpforms-53-field_9-container\" class=\"wpforms-field wpforms-field-text\" data-field-id=\"9\"><label class=\"wpforms-field-label\" for=\"wpforms-53-field_9\">Ville  <span class=\"wpforms-required-label\">*<\/span><\/label><input type=\"text\" id=\"wpforms-53-field_9\" class=\"wpforms-field-medium wpforms-field-required\" name=\"wpforms[fields][9]\" required><\/div><div id=\"wpforms-53-field_11-container\" class=\"wpforms-field wpforms-field-text\" data-field-id=\"11\"><label class=\"wpforms-field-label\" for=\"wpforms-53-field_11\">Num\u00e9ro de t\u00e9l\u00e9phone <span class=\"wpforms-required-label\">*<\/span><\/label><input type=\"text\" id=\"wpforms-53-field_11\" class=\"wpforms-field-medium wpforms-field-required\" name=\"wpforms[fields][11]\" required><\/div><div id=\"wpforms-53-field_2-container\" class=\"wpforms-field wpforms-field-email\" data-field-id=\"2\"><label class=\"wpforms-field-label\" for=\"wpforms-53-field_2\">E-mail <span class=\"wpforms-required-label\">*<\/span><\/label><input type=\"email\" id=\"wpforms-53-field_2\" class=\"wpforms-field-medium wpforms-field-required\" name=\"wpforms[fields][2]\" spellcheck=\"false\" required><\/div><div id=\"wpforms-53-field_10-container\" class=\"wpforms-field wpforms-field-text\" data-field-id=\"10\"><label class=\"wpforms-field-label\" for=\"wpforms-53-field_10\">Commentaire<\/label><input type=\"text\" id=\"wpforms-53-field_10\" class=\"wpforms-field-large\" name=\"wpforms[fields][10]\" ><\/div><\/div><!-- .wpforms-field-container --><div class=\"wpforms-field wpforms-field-hp\"><label for=\"wpforms-53-field-hp\" class=\"wpforms-field-label\">Message<\/label><input type=\"text\" name=\"wpforms[hp]\" id=\"wpforms-53-field-hp\" class=\"wpforms-field-medium\"><\/div><div class=\"wpforms-submit-container\" ><input type=\"hidden\" name=\"wpforms[id]\" value=\"53\"><input type=\"hidden\" name=\"page_title\" value=\"\"><input type=\"hidden\" name=\"page_url\" value=\"https:\/\/habitatbio.fr\/index.php?rest_route=\/wp\/v2\/pages\/20\"><input type=\"hidden\" name=\"url_referer\" value=\"\"><button type=\"submit\" name=\"wpforms[submit]\" id=\"wpforms-submit-53\" class=\"wpforms-submit\" data-alt-text=\"Envoi...\" data-submit-text=\"Envoyer\" aria-live=\"assertive\" value=\"wpforms-submit\">Envoyer<\/button><\/div><\/form><\/div>  <!-- .wpforms-container --><\/p>\n\n\n\n<p class=\"has-text-align-right\"> Vers l&rsquo;<a href=\"https:\/\/habitatbio.fr\/\">accueil<\/a> \/ HabitatBio est une marque <a href=\"https:\/\/spottmoto.fr\">Spott<\/a><\/p>\n","protected":false},"excerpt":{"rendered":"<p>Vos radiateurs ne chauffent pas ? L&rsquo;eau chaude est absente ? Aussi,Vous avez oubli\u00e9 de faire l&rsquo;entretien annuel ? Il n&rsquo;existe pas de bon moment [&#8230;]<\/p>\n","protected":false},"author":1,"featured_media":56,"parent":0,"menu_order":0,"comment_status":"closed","ping_status":"closed","template":"","meta":{"footnotes":""},"class_list":["post-20","page","type-page","status-publish","has-post-thumbnail","hentry"],"yoast_head":"<!-- This site is optimized with the Yoast SEO Premium plugin v16.7 (Yoast SEO v27.4) - https:\/\/yoast.com\/product\/yoast-seo-premium-wordpress\/ -->\n<title>demande de d\u00e9pannage chaudi\u00e8re chaudi\u00e8re Bordeaux &amp; Alentours<\/title>\n<meta name=\"description\" content=\"Demande de d\u00e9pannage chaudi\u00e8re Bordeaux- toutes marques-forfaits Entretien Gaz,Fuel,Solaire,Enr,Intervention rapide sur toute l&#039;agglom\u00e9ration\" \/>\n<meta name=\"robots\" content=\"index, follow, max-snippet:-1, max-image-preview:large, max-video-preview:-1\" \/>\n<link rel=\"canonical\" href=\"https:\/\/habitatbio.fr\/?page_id=20\" \/>\n<meta property=\"og:locale\" content=\"fr_FR\" \/>\n<meta property=\"og:type\" content=\"article\" \/>\n<meta property=\"og:title\" content=\"Demande de d\u00e9pannage ou d&#039;entretien Gaz,Fuel,Enr,\u00c9lectrique\" \/>\n<meta property=\"og:description\" content=\"Demande de d\u00e9pannage chaudi\u00e8re Bordeaux- toutes marques-forfaits Entretien Gaz,Fuel,Solaire,Enr,Intervention rapide sur toute l&#039;agglom\u00e9ration\" \/>\n<meta property=\"og:url\" content=\"https:\/\/habitatbio.fr\/?page_id=20\" \/>\n<meta property=\"og:site_name\" content=\"HabitatBio\" \/>\n<meta property=\"article:publisher\" content=\"https:\/\/www.facebook.com\/HabitatBio\/\" \/>\n<meta property=\"article:modified_time\" content=\"2020-12-17T19:52:14+00:00\" \/>\n<meta property=\"og:image\" content=\"https:\/\/habitatbio.fr\/wp-content\/uploads\/2020\/04\/radiator-250558_1920.jpg\" \/>\n\t<meta property=\"og:image:width\" content=\"1920\" \/>\n\t<meta property=\"og:image:height\" content=\"1275\" \/>\n\t<meta property=\"og:image:type\" content=\"image\/jpeg\" \/>\n<meta name=\"twitter:card\" content=\"summary_large_image\" \/>\n<meta name=\"twitter:label1\" content=\"Dur\u00e9e de lecture estim\u00e9e\" \/>\n\t<meta name=\"twitter:data1\" content=\"1 minute\" \/>\n<script type=\"application\/ld+json\" class=\"yoast-schema-graph\">{\"@context\":\"https:\\\/\\\/schema.org\",\"@graph\":[{\"@type\":[\"WebPage\",\"ContactPage\"],\"@id\":\"https:\\\/\\\/habitatbio.fr\\\/?page_id=20\",\"url\":\"https:\\\/\\\/habitatbio.fr\\\/?page_id=20\",\"name\":\"demande de d\u00e9pannage chaudi\u00e8re chaudi\u00e8re Bordeaux & Alentours\",\"isPartOf\":{\"@id\":\"https:\\\/\\\/habitatbio.fr\\\/#website\"},\"primaryImageOfPage\":{\"@id\":\"https:\\\/\\\/habitatbio.fr\\\/?page_id=20#primaryimage\"},\"image\":{\"@id\":\"https:\\\/\\\/habitatbio.fr\\\/?page_id=20#primaryimage\"},\"thumbnailUrl\":\"https:\\\/\\\/habitatbio.fr\\\/wp-content\\\/uploads\\\/2020\\\/04\\\/radiator-250558_1920.jpg\",\"datePublished\":\"2020-11-24T17:31:00+00:00\",\"dateModified\":\"2020-12-17T19:52:14+00:00\",\"description\":\"Demande de d\u00e9pannage chaudi\u00e8re Bordeaux- toutes marques-forfaits Entretien Gaz,Fuel,Solaire,Enr,Intervention rapide sur toute l'agglom\u00e9ration\",\"breadcrumb\":{\"@id\":\"https:\\\/\\\/habitatbio.fr\\\/?page_id=20#breadcrumb\"},\"inLanguage\":\"fr-FR\",\"potentialAction\":[{\"@type\":\"ReadAction\",\"target\":[\"https:\\\/\\\/habitatbio.fr\\\/?page_id=20\"]}]},{\"@type\":\"ImageObject\",\"inLanguage\":\"fr-FR\",\"@id\":\"https:\\\/\\\/habitatbio.fr\\\/?page_id=20#primaryimage\",\"url\":\"https:\\\/\\\/habitatbio.fr\\\/wp-content\\\/uploads\\\/2020\\\/04\\\/radiator-250558_1920.jpg\",\"contentUrl\":\"https:\\\/\\\/habitatbio.fr\\\/wp-content\\\/uploads\\\/2020\\\/04\\\/radiator-250558_1920.jpg\",\"width\":1920,\"height\":1275,\"caption\":\"HabitatBio demande de d\u00e9pannage chaudi\u00e8re\"},{\"@type\":\"BreadcrumbList\",\"@id\":\"https:\\\/\\\/habitatbio.fr\\\/?page_id=20#breadcrumb\",\"itemListElement\":[{\"@type\":\"ListItem\",\"position\":1,\"name\":\"Accueil\",\"item\":\"https:\\\/\\\/habitatbio.fr\\\/\"},{\"@type\":\"ListItem\",\"position\":2,\"name\":\"Demande de d\u00e9pannage ou d&rsquo;entretien Gaz,Fuel,Enr,\u00c9lectrique\"}]},{\"@type\":\"WebSite\",\"@id\":\"https:\\\/\\\/habitatbio.fr\\\/#website\",\"url\":\"https:\\\/\\\/habitatbio.fr\\\/\",\"name\":\"Spott-HabitatBio\",\"description\":\"D\u00e9pannage et Maintenance chaudi\u00e8res BORDEAUX &amp; ALENTOURS\",\"publisher\":{\"@id\":\"https:\\\/\\\/habitatbio.fr\\\/#organization\"},\"potentialAction\":[{\"@type\":\"SearchAction\",\"target\":{\"@type\":\"EntryPoint\",\"urlTemplate\":\"https:\\\/\\\/habitatbio.fr\\\/?s={search_term_string}\"},\"query-input\":{\"@type\":\"PropertyValueSpecification\",\"valueRequired\":true,\"valueName\":\"search_term_string\"}}],\"inLanguage\":\"fr-FR\"},{\"@type\":\"Organization\",\"@id\":\"https:\\\/\\\/habitatbio.fr\\\/#organization\",\"name\":\"Spott-HabitatBio\",\"url\":\"https:\\\/\\\/habitatbio.fr\\\/\",\"logo\":{\"@type\":\"ImageObject\",\"inLanguage\":\"fr-FR\",\"@id\":\"https:\\\/\\\/habitatbio.fr\\\/#\\\/schema\\\/logo\\\/image\\\/\",\"url\":\"https:\\\/\\\/habitatbio.fr\\\/wp-content\\\/uploads\\\/2020\\\/04\\\/HabitatBio-montagne-couleurs-250x250-1.jpg\",\"contentUrl\":\"https:\\\/\\\/habitatbio.fr\\\/wp-content\\\/uploads\\\/2020\\\/04\\\/HabitatBio-montagne-couleurs-250x250-1.jpg\",\"width\":250,\"height\":250,\"caption\":\"Spott-HabitatBio\"},\"image\":{\"@id\":\"https:\\\/\\\/habitatbio.fr\\\/#\\\/schema\\\/logo\\\/image\\\/\"},\"sameAs\":[\"https:\\\/\\\/www.facebook.com\\\/HabitatBio\\\/\"]}]}<\/script>\n<!-- \/ Yoast SEO Premium plugin. -->","yoast_head_json":{"title":"demande de d\u00e9pannage chaudi\u00e8re chaudi\u00e8re Bordeaux & Alentours","description":"Demande de d\u00e9pannage chaudi\u00e8re Bordeaux- toutes marques-forfaits Entretien Gaz,Fuel,Solaire,Enr,Intervention rapide sur toute l'agglom\u00e9ration","robots":{"index":"index","follow":"follow","max-snippet":"max-snippet:-1","max-image-preview":"max-image-preview:large","max-video-preview":"max-video-preview:-1"},"canonical":"https:\/\/habitatbio.fr\/?page_id=20","og_locale":"fr_FR","og_type":"article","og_title":"Demande de d\u00e9pannage ou d'entretien Gaz,Fuel,Enr,\u00c9lectrique","og_description":"Demande de d\u00e9pannage chaudi\u00e8re Bordeaux- toutes marques-forfaits Entretien Gaz,Fuel,Solaire,Enr,Intervention rapide sur toute l'agglom\u00e9ration","og_url":"https:\/\/habitatbio.fr\/?page_id=20","og_site_name":"HabitatBio","article_publisher":"https:\/\/www.facebook.com\/HabitatBio\/","article_modified_time":"2020-12-17T19:52:14+00:00","og_image":[{"width":1920,"height":1275,"url":"https:\/\/habitatbio.fr\/wp-content\/uploads\/2020\/04\/radiator-250558_1920.jpg","type":"image\/jpeg"}],"twitter_card":"summary_large_image","twitter_misc":{"Dur\u00e9e de lecture estim\u00e9e":"1 minute"},"schema":{"@context":"https:\/\/schema.org","@graph":[{"@type":["WebPage","ContactPage"],"@id":"https:\/\/habitatbio.fr\/?page_id=20","url":"https:\/\/habitatbio.fr\/?page_id=20","name":"demande de d\u00e9pannage chaudi\u00e8re chaudi\u00e8re Bordeaux & Alentours","isPartOf":{"@id":"https:\/\/habitatbio.fr\/#website"},"primaryImageOfPage":{"@id":"https:\/\/habitatbio.fr\/?page_id=20#primaryimage"},"image":{"@id":"https:\/\/habitatbio.fr\/?page_id=20#primaryimage"},"thumbnailUrl":"https:\/\/habitatbio.fr\/wp-content\/uploads\/2020\/04\/radiator-250558_1920.jpg","datePublished":"2020-11-24T17:31:00+00:00","dateModified":"2020-12-17T19:52:14+00:00","description":"Demande de d\u00e9pannage chaudi\u00e8re Bordeaux- toutes marques-forfaits Entretien Gaz,Fuel,Solaire,Enr,Intervention rapide sur toute l'agglom\u00e9ration","breadcrumb":{"@id":"https:\/\/habitatbio.fr\/?page_id=20#breadcrumb"},"inLanguage":"fr-FR","potentialAction":[{"@type":"ReadAction","target":["https:\/\/habitatbio.fr\/?page_id=20"]}]},{"@type":"ImageObject","inLanguage":"fr-FR","@id":"https:\/\/habitatbio.fr\/?page_id=20#primaryimage","url":"https:\/\/habitatbio.fr\/wp-content\/uploads\/2020\/04\/radiator-250558_1920.jpg","contentUrl":"https:\/\/habitatbio.fr\/wp-content\/uploads\/2020\/04\/radiator-250558_1920.jpg","width":1920,"height":1275,"caption":"HabitatBio demande de d\u00e9pannage chaudi\u00e8re"},{"@type":"BreadcrumbList","@id":"https:\/\/habitatbio.fr\/?page_id=20#breadcrumb","itemListElement":[{"@type":"ListItem","position":1,"name":"Accueil","item":"https:\/\/habitatbio.fr\/"},{"@type":"ListItem","position":2,"name":"Demande de d\u00e9pannage ou d&rsquo;entretien Gaz,Fuel,Enr,\u00c9lectrique"}]},{"@type":"WebSite","@id":"https:\/\/habitatbio.fr\/#website","url":"https:\/\/habitatbio.fr\/","name":"Spott-HabitatBio","description":"D\u00e9pannage et Maintenance chaudi\u00e8res BORDEAUX &amp; ALENTOURS","publisher":{"@id":"https:\/\/habitatbio.fr\/#organization"},"potentialAction":[{"@type":"SearchAction","target":{"@type":"EntryPoint","urlTemplate":"https:\/\/habitatbio.fr\/?s={search_term_string}"},"query-input":{"@type":"PropertyValueSpecification","valueRequired":true,"valueName":"search_term_string"}}],"inLanguage":"fr-FR"},{"@type":"Organization","@id":"https:\/\/habitatbio.fr\/#organization","name":"Spott-HabitatBio","url":"https:\/\/habitatbio.fr\/","logo":{"@type":"ImageObject","inLanguage":"fr-FR","@id":"https:\/\/habitatbio.fr\/#\/schema\/logo\/image\/","url":"https:\/\/habitatbio.fr\/wp-content\/uploads\/2020\/04\/HabitatBio-montagne-couleurs-250x250-1.jpg","contentUrl":"https:\/\/habitatbio.fr\/wp-content\/uploads\/2020\/04\/HabitatBio-montagne-couleurs-250x250-1.jpg","width":250,"height":250,"caption":"Spott-HabitatBio"},"image":{"@id":"https:\/\/habitatbio.fr\/#\/schema\/logo\/image\/"},"sameAs":["https:\/\/www.facebook.com\/HabitatBio\/"]}]}},"_links":{"self":[{"href":"https:\/\/habitatbio.fr\/index.php?rest_route=\/wp\/v2\/pages\/20","targetHints":{"allow":["GET"]}}],"collection":[{"href":"https:\/\/habitatbio.fr\/index.php?rest_route=\/wp\/v2\/pages"}],"about":[{"href":"https:\/\/habitatbio.fr\/index.php?rest_route=\/wp\/v2\/types\/page"}],"author":[{"embeddable":true,"href":"https:\/\/habitatbio.fr\/index.php?rest_route=\/wp\/v2\/users\/1"}],"replies":[{"embeddable":true,"href":"https:\/\/habitatbio.fr\/index.php?rest_route=%2Fwp%2Fv2%2Fcomments&post=20"}],"version-history":[{"count":13,"href":"https:\/\/habitatbio.fr\/index.php?rest_route=\/wp\/v2\/pages\/20\/revisions"}],"predecessor-version":[{"id":177,"href":"https:\/\/habitatbio.fr\/index.php?rest_route=\/wp\/v2\/pages\/20\/revisions\/177"}],"wp:featuredmedia":[{"embeddable":true,"href":"https:\/\/habitatbio.fr\/index.php?rest_route=\/wp\/v2\/media\/56"}],"wp:attachment":[{"href":"https:\/\/habitatbio.fr\/index.php?rest_route=%2Fwp%2Fv2%2Fmedia&parent=20"}],"curies":[{"name":"wp","href":"https:\/\/api.w.org\/{rel}","templated":true}]}}