{"id":18,"date":"2021-01-02T20:03:13","date_gmt":"2021-01-02T19:03:13","guid":{"rendered":"http:\/\/habitatbio.fr\/?page_id=18"},"modified":"2022-01-25T18:33:20","modified_gmt":"2022-01-25T17:33:20","slug":"accueil-depannage-chaudieres-a-bordeaux","status":"publish","type":"page","link":"https:\/\/habitatbio.fr\/","title":{"rendered":"D\u00e9pannage chaudi\u00e8res \u00e0 Bordeaux"},"content":{"rendered":"\n<h2 class=\"has-text-align-center wp-block-heading\" id=\"h-spott_habitatbio\"> Spott_HabitatBio <\/h2>\n\n\n\n<h2 class=\"has-text-align-center wp-block-heading\" id=\"h-une-entreprise-taille-humaine\">Une entreprise \u00e0 taille humaine : <\/h2>\n\n\n\n<h2 class=\"has-text-align-center wp-block-heading\" id=\"h-d-pannage-chaudi-res-bordeaux-alentours\">D\u00e9pannage chaudi\u00e8res \u00e0 Bordeaux &amp; Alentours<\/h2>\n\n\n\n<p><\/p>\n\n\n\n<p class=\"has-text-align-left has-medium-font-size\">Tout d&rsquo;abord, concernant le \u00ab\u00a0D\u00e9pannage et Maintenance chaudi\u00e8res Bordeaux\u00a0\u00bb . En effet, forte de ses <strong>20 ann\u00e9es d&rsquo;exp\u00e9rience<\/strong> dans le domaine de la maintenance et le d\u00e9pannage des plus grandes marques de chaudi\u00e8res. <strong>Entreprise Ind\u00e9pendante et responsive<\/strong>. Or,  son expertise et sa r\u00e9activit\u00e9, sont les garants de votre confort. <strong>HABITATBIO<\/strong> est \u00e0 votre service \u2026 Gaz, Fuel, Enr, D\u00e9panner, R\u00e9parer, un <strong>professionnel de proximit\u00e9<\/strong> et \u00e0 <strong>votre \u00e9coute<\/strong> pour toutes les <strong>urgences<\/strong>. \u00c9videment, dans la r\u00e9gion de <strong>Bordeaux<\/strong>, nous intervenons au plus vite pour r\u00e9tablir vos services de chauffage et d&rsquo;eau chaude sanitaire. De plus, une vraie prise de conscience de l\u2019enseigne et la r\u00e9ponse aux attentes de ses clients, aboutie \u00e0 une satisfaction augment\u00e9e. <strong>Toutes les marques<\/strong>, toutes les pannes sont prises en charge. Le <strong>d\u00e9pannage urgent<\/strong> est un art. La <strong>satisfaction<\/strong> du client est <strong>notre r\u00e9compense<\/strong>. Souvent, le code erreur est difficile \u00e0 interpr\u00e9ter. Alors, c&rsquo;est l&rsquo;exp\u00e9rience et les nombreux cas rencontr\u00e9s, qui seront salvateurs.<\/p>\n\n\n\n<h2 class=\"wp-block-heading\" id=\"h-l-nergie-fossile-n-est-pas-ternelle\"><strong>L&rsquo;\u00e9nergie fossile n&rsquo;est pas \u00e9ternelle.<\/strong><\/h2>\n\n\n\n<p class=\"has-medium-font-size\">C&rsquo;est pour cela que le D\u00e9pannage chaudi\u00e8res \u00e0 Bordeaux, pourra \u00eatre suivi d&rsquo;un <strong>entretien annuel<\/strong>. En effet, le nettoyage et le contr\u00f4le des param\u00e8tres de combustion sont utiles. <strong>Profitable<\/strong> pour un meilleur rendement. <strong>Indispensable<\/strong> pour la s\u00e9curit\u00e9 des biens et des personnes. <strong>N\u00e9cessaire<\/strong> pour l&rsquo;environnement . <strong>Pr\u00e9cieux<\/strong> pour les \u00e9conomies d&rsquo;\u00e9nergie et p\u00e9cuniaires&#8230; Enfin, regardons en face notre avenir \u00e9nerg\u00e9tique. \u00a0\u00bb Continuer \u00e0 miser notre avenir sur l&rsquo;\u00e9nergie fossile, est \u00e0 l&rsquo;\u00e9vidence une impasse&#8230;\u00a0\u00bb En fait, 50% des d\u00e9perditions s&rsquo;effectuent par les m\u00fbrs et les ponts thermiques. Une am\u00e9lioration par des compl\u00e9ments d&rsquo;isolation est toujours b\u00e9n\u00e9fique.<\/p>\n\n\n\n<h2 class=\"wp-block-heading\" id=\"h-d-pannage-chaudi-res-bordeaux-sont-le-c-ur-de-notre-activit\"><strong>D\u00e9pannage chaudi\u00e8res \u00e0 Bordeaux<\/strong> sont le c\u0153ur de notre activit\u00e9.<\/h2>\n\n\n\n<p class=\"has-text-align-left has-medium-font-size\"><br>A cet \u00e9gard, les enjeux pour notre <strong>environnement<\/strong> nous obligent \u00e0 adopter des solutions plus \u00e9cologiques pour nous chauffer et produire l&rsquo; eau chaude sanitaire. Cependant, nos techniciens sont disponibles pour les r\u00e9parations et le suivi du Service Apr\u00e8s Vente pour une bonne chauffe et production d&rsquo; Eau Chaude Sanitaire.<br>Par ailleurs, pr\u00e9curseur dans la pr\u00e9conisation et l&rsquo;installation de chauffe-eau solaire, leur usage s&rsquo;est aujourd&rsquo;hui d\u00e9mocratis\u00e9.<br>Somme toute, la ma\u00eetrise de l&rsquo;\u00e9nergie et le d\u00e9veloppement <strong>des \u00e9nergies renouvelables <\/strong>dans l&rsquo;habitat sont la voie du bon sens. De plus, L&rsquo; <strong>entretien <\/strong>des mat\u00e9riels de chauffage permet de maintenir un rendement \u00e9lev\u00e9 et de <strong>pr\u00e9venir les pannes<\/strong>.<strong> <\/strong>Il est vrai que <strong>D\u00e9pannage<\/strong> et <strong>Maintenance<\/strong> chauffage\/eau-chaude  sont les secrets d&rsquo;un <strong>confort <\/strong>ma\u00eetris\u00e9.<br><strong>R\u00e9activit\u00e9<\/strong> et <strong>savoir faire<\/strong> r\u00e9pondront \u00e0 vos attentes.<br><\/p>\n\n\n\n<p class=\"has-text-align-center\"><a href=\"https:\/\/habitatbio.fr\/index.php\/demandhttps:\/\/habitatbio.fr\/index.php\/demande-de-depannage-chaudiere-bordeaux-contact\/\/\">Contactez-nous<\/a><\/p>\n\n\n\n<p class=\"has-medium-font-size\">Install\u00e9e au c\u0153ur de l&rsquo;agglom\u00e9ration de la Ville de <strong>Bordeaux<\/strong>.  Quoiqu&rsquo;il en soit,<a href=\"https:\/\/habitatbio.fr\/index.php\/a-propos-de-habitatbio-est-a-votre-service\/\"> <\/a><a href=\"https:\/\/habitatbio.fr\/?page_id=20\" target=\"_blank\" rel=\"noreferrer noopener\">l&rsquo;entreprise intervient<\/a> pour tous les d\u00e9pannages et l&rsquo;entretien des chaudi\u00e8res fioul ou gaz Multimarques. Aussi, sur simple appel t\u00e9l\u00e9phonique, les villes de <strong>Pessac<\/strong>, <strong>Talence<\/strong>, <strong>M\u00e9rignac<\/strong>, <strong>Bordeaux<\/strong>,<strong> Arcachon <\/strong>et plus encore, sont dans son champ d&rsquo;action.  Du remplacement de votre mat\u00e9riel \u00e0 la r\u00e9novation de votre syst\u00e8me : <strong><a href=\"https:\/\/habitatbio.fr\/index.php\/demande-de-depannage-chaudiere-bordeaux-contact\/\" target=\"_blank\" rel=\"noreferrer noopener\">un formulaire simple et rapide<\/a><\/strong> est \u00e0 votre disposition sur le site habitatbio.fr. D\u00e9s lors, L&rsquo; <strong>exp\u00e9rience<\/strong> et<strong> le bon sens<\/strong> sont \u00e0 votre service ! De plus, attach\u00e9 aux bons retours de vos \u00ab\u00a0exp\u00e9riences clients\u00a0\u00bb, HabitatBio, s&rsquo;impose comme une <strong>assistance irr\u00e9prochable<\/strong>. <\/p>\n\n\n<div class=\"wpforms-container wpforms-container-full wpforms-block\" id=\"wpforms-170\"><form id=\"wpforms-form-170\" class=\"wpforms-validate wpforms-form\" data-formid=\"170\" method=\"post\" enctype=\"multipart\/form-data\" action=\"\/index.php?rest_route=%2Fwp%2Fv2%2Fpages%2F18\" data-token=\"cda57e5e1e5877fe8776c9e61ec2291e\" data-token-time=\"1776489276\"><div class=\"wpforms-head-container\"><div class=\"wpforms-title\">News letter Spott-HabitatBio<\/div><\/div><noscript class=\"wpforms-error-noscript\">Veuillez activer JavaScript dans votre navigateur pour remplir ce formulaire.<\/noscript><div class=\"wpforms-field-container\"><div id=\"wpforms-170-field_0-container\" class=\"wpforms-field wpforms-field-name\" data-field-id=\"0\"><label class=\"wpforms-field-label\">Nom <span class=\"wpforms-required-label\">*<\/span><\/label><div class=\"wpforms-field-row wpforms-field-medium\"><div class=\"wpforms-field-row-block wpforms-first wpforms-one-half\"><input type=\"text\" id=\"wpforms-170-field_0\" class=\"wpforms-field-name-first wpforms-field-required\" name=\"wpforms[fields][0][first]\" required><label for=\"wpforms-170-field_0\" class=\"wpforms-field-sublabel after\">Pr\u00e9nom<\/label><\/div><div class=\"wpforms-field-row-block wpforms-one-half\"><input type=\"text\" id=\"wpforms-170-field_0-last\" class=\"wpforms-field-name-last wpforms-field-required\" name=\"wpforms[fields][0][last]\" required><label for=\"wpforms-170-field_0-last\" class=\"wpforms-field-sublabel after\">Nom<\/label><\/div><\/div><\/div><div id=\"wpforms-170-field_1-container\" class=\"wpforms-field wpforms-field-email\" data-field-id=\"1\"><label class=\"wpforms-field-label\" for=\"wpforms-170-field_1\">E-mail <span class=\"wpforms-required-label\">*<\/span><\/label><input type=\"email\" id=\"wpforms-170-field_1\" class=\"wpforms-field-medium wpforms-field-required\" name=\"wpforms[fields][1]\" spellcheck=\"false\" required><\/div><\/div><!-- .wpforms-field-container --><div class=\"wpforms-submit-container\" ><input type=\"hidden\" name=\"wpforms[id]\" value=\"170\"><input type=\"hidden\" name=\"page_title\" value=\"\"><input type=\"hidden\" name=\"page_url\" value=\"https:\/\/habitatbio.fr\/index.php?rest_route=\/wp\/v2\/pages\/18\"><input type=\"hidden\" name=\"url_referer\" value=\"\"><button type=\"submit\" name=\"wpforms[submit]\" id=\"wpforms-submit-170\" class=\"wpforms-submit\" data-alt-text=\"Envoi...\" data-submit-text=\"Envoyer\" aria-live=\"assertive\" value=\"wpforms-submit\">Envoyer<\/button><\/div><\/form><\/div>  <!-- .wpforms-container -->\n\n\n<p><\/p>\n\n\n\n<p class=\"has-text-align-right has-medium-font-size\">HabitatBio est une marque <a href=\"https:\/\/www.spottmoto.fr\" target=\"_blank\" rel=\"noreferrer noopener\">SPOTT<\/a><\/p>\n","protected":false},"excerpt":{"rendered":"<p>Spott_HabitatBio Une entreprise \u00e0 taille humaine : D\u00e9pannage chaudi\u00e8res \u00e0 Bordeaux &amp; Alentours Tout d&rsquo;abord, concernant le \u00ab\u00a0D\u00e9pannage et Maintenance chaudi\u00e8res Bordeaux\u00a0\u00bb . En effet, [&#8230;]<\/p>\n","protected":false},"author":1,"featured_media":62,"parent":0,"menu_order":1,"comment_status":"closed","ping_status":"closed","template":"","meta":{"footnotes":""},"class_list":["post-18","page","type-page","status-publish","has-post-thumbnail","hentry"],"yoast_head":"<!-- This site is optimized with the Yoast SEO Premium plugin v16.7 (Yoast SEO v27.4) - https:\/\/yoast.com\/product\/yoast-seo-premium-wordpress\/ -->\n<title>D\u00e9pannage chaudi\u00e8res \u00e0 Bordeaux * HabitatBio-Bordeaux<\/title>\n<meta name=\"description\" content=\"D\u00e9pannage et Maintenance chaudi\u00e8res \u00e0 Bordeaux des mat\u00e9riels fioul, gaz et Enr Multimarques \u00e0 Bordeaux, Pessac, M\u00e9rignac et alentours.\" \/>\n<meta name=\"robots\" content=\"index, follow, max-snippet:-1, max-image-preview:large, max-video-preview:-1\" \/>\n<link rel=\"canonical\" href=\"https:\/\/habitatbio.fr\" \/>\n<meta property=\"og:locale\" content=\"fr_FR\" \/>\n<meta property=\"og:type\" content=\"article\" \/>\n<meta property=\"og:title\" content=\"D\u00e9pannages Chaudi\u00e8res \u00e0 Bordeaux &amp; Alentours\" \/>\n<meta property=\"og:description\" content=\"D\u00e9pannage et Maintenance chaudi\u00e8res \u00e0 Bordeaux des mat\u00e9riels fioul, gaz et Enr Multimarques \u00e0 Bordeaux, Pessac, M\u00e9rignac et alentours.\" \/>\n<meta property=\"og:url\" content=\"https:\/\/habitatbio.fr\" \/>\n<meta property=\"og:site_name\" content=\"HabitatBio\" \/>\n<meta property=\"article:publisher\" content=\"https:\/\/www.facebook.com\/HabitatBio\/\" \/>\n<meta property=\"article:modified_time\" content=\"2022-01-25T17:33:20+00:00\" \/>\n<meta property=\"og:image\" content=\"https:\/\/habitatbio.fr\/wp-content\/uploads\/2020\/04\/pool-house-4272310_1920.jpg\" \/>\n\t<meta property=\"og:image:width\" content=\"1920\" \/>\n\t<meta property=\"og:image:height\" content=\"1080\" \/>\n\t<meta property=\"og:image:type\" content=\"image\/jpeg\" \/>\n<meta name=\"twitter:card\" content=\"summary_large_image\" \/>\n<meta name=\"twitter:title\" content=\"D\u00e9pannage chaudi\u00e8res \u00e0 Bordeaux\" \/>\n<meta name=\"twitter:label1\" content=\"Dur\u00e9e de lecture estim\u00e9e\" \/>\n\t<meta name=\"twitter:data1\" content=\"3 minutes\" \/>\n<script type=\"application\/ld+json\" class=\"yoast-schema-graph\">{\"@context\":\"https:\\\/\\\/schema.org\",\"@graph\":[{\"@type\":\"WebPage\",\"@id\":\"https:\\\/\\\/habitatbio.fr\\\/\",\"url\":\"https:\\\/\\\/habitatbio.fr\",\"name\":\"D\u00e9pannage chaudi\u00e8res \u00e0 Bordeaux * HabitatBio-Bordeaux\",\"isPartOf\":{\"@id\":\"https:\\\/\\\/habitatbio.fr\\\/#website\"},\"primaryImageOfPage\":{\"@id\":\"https:\\\/\\\/habitatbio.fr#primaryimage\"},\"image\":{\"@id\":\"https:\\\/\\\/habitatbio.fr#primaryimage\"},\"thumbnailUrl\":\"https:\\\/\\\/habitatbio.fr\\\/wp-content\\\/uploads\\\/2020\\\/04\\\/pool-house-4272310_1920.jpg\",\"datePublished\":\"2021-01-02T19:03:13+00:00\",\"dateModified\":\"2022-01-25T17:33:20+00:00\",\"description\":\"D\u00e9pannage et Maintenance chaudi\u00e8res \u00e0 Bordeaux des mat\u00e9riels fioul, gaz et Enr Multimarques \u00e0 Bordeaux, Pessac, M\u00e9rignac et alentours.\",\"breadcrumb\":{\"@id\":\"https:\\\/\\\/habitatbio.fr#breadcrumb\"},\"inLanguage\":\"fr-FR\",\"potentialAction\":[{\"@type\":\"ReadAction\",\"target\":[\"https:\\\/\\\/habitatbio.fr\"]}]},{\"@type\":\"ImageObject\",\"inLanguage\":\"fr-FR\",\"@id\":\"https:\\\/\\\/habitatbio.fr#primaryimage\",\"url\":\"https:\\\/\\\/habitatbio.fr\\\/wp-content\\\/uploads\\\/2020\\\/04\\\/pool-house-4272310_1920.jpg\",\"contentUrl\":\"https:\\\/\\\/habitatbio.fr\\\/wp-content\\\/uploads\\\/2020\\\/04\\\/pool-house-4272310_1920.jpg\",\"width\":1920,\"height\":1080,\"caption\":\"Un logo \u00e0 l'image d'un \u00e9tat d'esprit. HabitatBio Services pour votre confort\"},{\"@type\":\"BreadcrumbList\",\"@id\":\"https:\\\/\\\/habitatbio.fr#breadcrumb\",\"itemListElement\":[{\"@type\":\"ListItem\",\"position\":1,\"name\":\"Accueil\",\"item\":\"https:\\\/\\\/habitatbio.fr\\\/\"},{\"@type\":\"ListItem\",\"position\":2,\"name\":\"D\u00e9pannage chaudi\u00e8res \u00e0 Bordeaux\"}]},{\"@type\":\"WebSite\",\"@id\":\"https:\\\/\\\/habitatbio.fr\\\/#website\",\"url\":\"https:\\\/\\\/habitatbio.fr\\\/\",\"name\":\"Spott-HabitatBio\",\"description\":\"D\u00e9pannage et Maintenance chaudi\u00e8res BORDEAUX &amp; ALENTOURS\",\"publisher\":{\"@id\":\"https:\\\/\\\/habitatbio.fr\\\/#organization\"},\"potentialAction\":[{\"@type\":\"SearchAction\",\"target\":{\"@type\":\"EntryPoint\",\"urlTemplate\":\"https:\\\/\\\/habitatbio.fr\\\/?s={search_term_string}\"},\"query-input\":{\"@type\":\"PropertyValueSpecification\",\"valueRequired\":true,\"valueName\":\"search_term_string\"}}],\"inLanguage\":\"fr-FR\"},{\"@type\":\"Organization\",\"@id\":\"https:\\\/\\\/habitatbio.fr\\\/#organization\",\"name\":\"Spott-HabitatBio\",\"url\":\"https:\\\/\\\/habitatbio.fr\\\/\",\"logo\":{\"@type\":\"ImageObject\",\"inLanguage\":\"fr-FR\",\"@id\":\"https:\\\/\\\/habitatbio.fr\\\/#\\\/schema\\\/logo\\\/image\\\/\",\"url\":\"https:\\\/\\\/habitatbio.fr\\\/wp-content\\\/uploads\\\/2020\\\/04\\\/HabitatBio-montagne-couleurs-250x250-1.jpg\",\"contentUrl\":\"https:\\\/\\\/habitatbio.fr\\\/wp-content\\\/uploads\\\/2020\\\/04\\\/HabitatBio-montagne-couleurs-250x250-1.jpg\",\"width\":250,\"height\":250,\"caption\":\"Spott-HabitatBio\"},\"image\":{\"@id\":\"https:\\\/\\\/habitatbio.fr\\\/#\\\/schema\\\/logo\\\/image\\\/\"},\"sameAs\":[\"https:\\\/\\\/www.facebook.com\\\/HabitatBio\\\/\"]}]}<\/script>\n<!-- \/ Yoast SEO Premium plugin. -->","yoast_head_json":{"title":"D\u00e9pannage chaudi\u00e8res \u00e0 Bordeaux * HabitatBio-Bordeaux","description":"D\u00e9pannage et Maintenance chaudi\u00e8res \u00e0 Bordeaux des mat\u00e9riels fioul, gaz et Enr Multimarques \u00e0 Bordeaux, Pessac, M\u00e9rignac et alentours.","robots":{"index":"index","follow":"follow","max-snippet":"max-snippet:-1","max-image-preview":"max-image-preview:large","max-video-preview":"max-video-preview:-1"},"canonical":"https:\/\/habitatbio.fr","og_locale":"fr_FR","og_type":"article","og_title":"D\u00e9pannages Chaudi\u00e8res \u00e0 Bordeaux & Alentours","og_description":"D\u00e9pannage et Maintenance chaudi\u00e8res \u00e0 Bordeaux des mat\u00e9riels fioul, gaz et Enr Multimarques \u00e0 Bordeaux, Pessac, M\u00e9rignac et alentours.","og_url":"https:\/\/habitatbio.fr","og_site_name":"HabitatBio","article_publisher":"https:\/\/www.facebook.com\/HabitatBio\/","article_modified_time":"2022-01-25T17:33:20+00:00","og_image":[{"width":1920,"height":1080,"url":"https:\/\/habitatbio.fr\/wp-content\/uploads\/2020\/04\/pool-house-4272310_1920.jpg","type":"image\/jpeg"}],"twitter_card":"summary_large_image","twitter_title":"D\u00e9pannage chaudi\u00e8res \u00e0 Bordeaux","twitter_misc":{"Dur\u00e9e de lecture estim\u00e9e":"3 minutes"},"schema":{"@context":"https:\/\/schema.org","@graph":[{"@type":"WebPage","@id":"https:\/\/habitatbio.fr\/","url":"https:\/\/habitatbio.fr","name":"D\u00e9pannage chaudi\u00e8res \u00e0 Bordeaux * HabitatBio-Bordeaux","isPartOf":{"@id":"https:\/\/habitatbio.fr\/#website"},"primaryImageOfPage":{"@id":"https:\/\/habitatbio.fr#primaryimage"},"image":{"@id":"https:\/\/habitatbio.fr#primaryimage"},"thumbnailUrl":"https:\/\/habitatbio.fr\/wp-content\/uploads\/2020\/04\/pool-house-4272310_1920.jpg","datePublished":"2021-01-02T19:03:13+00:00","dateModified":"2022-01-25T17:33:20+00:00","description":"D\u00e9pannage et Maintenance chaudi\u00e8res \u00e0 Bordeaux des mat\u00e9riels fioul, gaz et Enr Multimarques \u00e0 Bordeaux, Pessac, M\u00e9rignac et alentours.","breadcrumb":{"@id":"https:\/\/habitatbio.fr#breadcrumb"},"inLanguage":"fr-FR","potentialAction":[{"@type":"ReadAction","target":["https:\/\/habitatbio.fr"]}]},{"@type":"ImageObject","inLanguage":"fr-FR","@id":"https:\/\/habitatbio.fr#primaryimage","url":"https:\/\/habitatbio.fr\/wp-content\/uploads\/2020\/04\/pool-house-4272310_1920.jpg","contentUrl":"https:\/\/habitatbio.fr\/wp-content\/uploads\/2020\/04\/pool-house-4272310_1920.jpg","width":1920,"height":1080,"caption":"Un logo \u00e0 l'image d'un \u00e9tat d'esprit. HabitatBio Services pour votre confort"},{"@type":"BreadcrumbList","@id":"https:\/\/habitatbio.fr#breadcrumb","itemListElement":[{"@type":"ListItem","position":1,"name":"Accueil","item":"https:\/\/habitatbio.fr\/"},{"@type":"ListItem","position":2,"name":"D\u00e9pannage chaudi\u00e8res \u00e0 Bordeaux"}]},{"@type":"WebSite","@id":"https:\/\/habitatbio.fr\/#website","url":"https:\/\/habitatbio.fr\/","name":"Spott-HabitatBio","description":"D\u00e9pannage et Maintenance chaudi\u00e8res BORDEAUX &amp; ALENTOURS","publisher":{"@id":"https:\/\/habitatbio.fr\/#organization"},"potentialAction":[{"@type":"SearchAction","target":{"@type":"EntryPoint","urlTemplate":"https:\/\/habitatbio.fr\/?s={search_term_string}"},"query-input":{"@type":"PropertyValueSpecification","valueRequired":true,"valueName":"search_term_string"}}],"inLanguage":"fr-FR"},{"@type":"Organization","@id":"https:\/\/habitatbio.fr\/#organization","name":"Spott-HabitatBio","url":"https:\/\/habitatbio.fr\/","logo":{"@type":"ImageObject","inLanguage":"fr-FR","@id":"https:\/\/habitatbio.fr\/#\/schema\/logo\/image\/","url":"https:\/\/habitatbio.fr\/wp-content\/uploads\/2020\/04\/HabitatBio-montagne-couleurs-250x250-1.jpg","contentUrl":"https:\/\/habitatbio.fr\/wp-content\/uploads\/2020\/04\/HabitatBio-montagne-couleurs-250x250-1.jpg","width":250,"height":250,"caption":"Spott-HabitatBio"},"image":{"@id":"https:\/\/habitatbio.fr\/#\/schema\/logo\/image\/"},"sameAs":["https:\/\/www.facebook.com\/HabitatBio\/"]}]}},"_links":{"self":[{"href":"https:\/\/habitatbio.fr\/index.php?rest_route=\/wp\/v2\/pages\/18","targetHints":{"allow":["GET"]}}],"collection":[{"href":"https:\/\/habitatbio.fr\/index.php?rest_route=\/wp\/v2\/pages"}],"about":[{"href":"https:\/\/habitatbio.fr\/index.php?rest_route=\/wp\/v2\/types\/page"}],"author":[{"embeddable":true,"href":"https:\/\/habitatbio.fr\/index.php?rest_route=\/wp\/v2\/users\/1"}],"replies":[{"embeddable":true,"href":"https:\/\/habitatbio.fr\/index.php?rest_route=%2Fwp%2Fv2%2Fcomments&post=18"}],"version-history":[{"count":42,"href":"https:\/\/habitatbio.fr\/index.php?rest_route=\/wp\/v2\/pages\/18\/revisions"}],"predecessor-version":[{"id":181,"href":"https:\/\/habitatbio.fr\/index.php?rest_route=\/wp\/v2\/pages\/18\/revisions\/181"}],"wp:featuredmedia":[{"embeddable":true,"href":"https:\/\/habitatbio.fr\/index.php?rest_route=\/wp\/v2\/media\/62"}],"wp:attachment":[{"href":"https:\/\/habitatbio.fr\/index.php?rest_route=%2Fwp%2Fv2%2Fmedia&parent=18"}],"curies":[{"name":"wp","href":"https:\/\/api.w.org\/{rel}","templated":true}]}}